*3/3 - 3*i**2/2 - 9*i - 4. Let l(m) be the first derivative of v(m). Calculate l(2).
1
Let j(i) be the third derivative of -i**4/12 + 5*i**3/2 - 387*i**2. Give j(5).
5
Let m = 68 + -70. Let w(x) = -6*x - 1. Let o(z) = 5*z + 1. Let i(j) = 4*o(j) + 5*w(j). Calculate i(m).
19
Let a(u) = u**2 + 4*u - 2. Suppose 93 = 4*c + 4*n + 9, 0 = -3*c + 5*n + 63. Suppose -3*m - c = 4*x, -6*x - 4*m - 24 = -2*x. Give a(x).
-5
Suppose -5 = 8*b - 3*b. Let u(v) = -2*v**3 + 2*v**2 + v. Let i = 5 + -13. Let w(m) = -5*m**3 + 6*m**2 + 3*m. Let d(y) = i*u(y) + 3*w(y). What is d(b)?
0
Let o be (-1 + (-4)/(-3))*12. Suppose -o = -5*f + f. Let i(u) be the third derivative of u**6/40 - u**4/12 + u**3/6 + 5*u**2. Determine i(f).
2
Let g(c) = -c**3 + 9*c**2 - 9*c - 1. Suppose -3*i + 4*w = -21, -10 - 18 = -4*i + 2*w. Calculate g(i).
34
Let g(f) = 5*f - 10. Suppose 4*v = 2*j - 6, -3*j + 10 = -5*v + 2*j. Let m(l) = -l. Let d(n) = v*g(n) - 6*m(n). Determine d(0).
10
Let k(s) = -s**2 + s - 2. Let h(y) = -7*y**2 - 3*y - 2. Let m(r) = -h(r) + 6*k(r). Let d(l) = l - 15. Let p be d(5). Calculate m(p).
0
Let q(d) = d + 2. Let x(p) = -2*p**3 + 22*p**2 + 25*p - 12. Let w be x(12). Calculate q(w).
2
Let i(v) = 2*v - 7. Let r(q) = q. Let a(b) = i(b) - r(b). Let h(w) be the first derivative of w**2/2 + 3*w + 26. Let j be h(-8). What is a(j)?
-12
Let l(j) = j**3 + 6*j**2 - 9*j - 10. Let i be (-1 + 10/8)*(-18 + 22). Let r be (29 - 15)/(i + -3). Determine l(r).
4
Let v(u) = u**2 + 3*u - 4. Suppose 0 = -2*f + 5*d + 15, f = -d - 3*d - 25. Determine v(f).
6
Let p(o) = -o**3 - 4*o**2 + 3*o + 4. Let m = 79 + -210. Let c = m - -127. Give p(c).
-8
Let s(d) = 34 - 96 + 45 + 23 - d. Give s(6).
0
Let q(d) be the second derivative of d**4/12 + d**3/6 + d**2/2 + 145*d. Suppose 2*g + g = 6. Calculate q(g).
7
Let o(p) = 30 - 21*p + 48*p - 25*p. Determine o(0).
30
Let t = 166 + -163. Let k(q) = q - 2. Let j(l) = -2*l + 2. Let n(c) = 4*j(c) + 5*k(c). Calculate n(t).
-11
Let j(h) be the second derivative of -h**4/6 - 7*h**3/6 - 3*h**2/2 - 9*h + 2. What is j(-5)?
-18
Suppose -m + 3*m = -8. Let a(l) = 180*l + 222*l - 5 - 403*l. What is a(m)?
-1
Suppose -2*w = -5*l + 6, -4*w + 4 = 2*l - 4*l. Let m be -2 - (-5 - (-4 + w)). Let t be m/2 + 25/(-10). Let f(z) = -z**3 + 3*z + 1. Give f(t).
3
Let y(g) = -48*g. Let v(a) = 7*a + 1. Let o(c) = -7*v(c) - y(c). What is o(2)?
-9
Let s(w) be the first derivative of -7*w**4/4 - w**3/3 - w**2/2 - 1. Let o(c) = -2*c + 10. Let k be o(9). Let z be k/20 + (-6)/10. What is s(z)?
7
Let c be 4*-1 - (9 - 13). Suppose -3*u + 33 = 3*v, 5*v + u - 16 - 27 = c. Let t(o) = -o**2 + 7*o + 7. Calculate t(v).
-1
Let t(j) be the third derivative of 0 - 19*j**2 - 2/3*j**3 + 1/120*j**6 + 1/12*j**5 + 0*j + 1/24*j**4. Let s = 4 - 9. What is t(s)?
-9
Let q(w) = w**2 + 6*w + 5. Let p be q(-4). Let z(l) be the first derivative of l**4/4 + l**3 + l**2/2 - l - 88. Give z(p).
-4
Let l(q) = -q**2 + 4. Suppose 0 = -21*u - 11 + 95. Determine l(u).
-12
Let x be (-1)/(3/45*3). Let k(n) be the second derivative of -3*n**2 + 1/2*n**3 + 16*n + 1/12*n**4 + 0. What is k(x)?
4
Let o(r) = 2 + 10*r**2 - 7*r + 14*r**2 - 3 - 2 - 23*r**2. Determine o(5).
-13
Let w(s) = -2*s**2 + 61 + s**3 + 7*s**2 - 34 - 37 - 3*s. Calculate w(-5).
5
Let x(a) = 2*a - 5. Let v be 6 + -2 + -6 + 4. Let c be (v - -4) + (-6)/3. Calculate x(c).
3
Let s(q) be the third derivative of -q**6/120 + q**5/30 - q**3/3 - q**2. Let n be (-44)/55*(-105)/(-42). What is s(n)?
14
Let y = 22 - 22. Suppose y = i + i - 10. Suppose i = -5*o - 5. Let v(p) = p**3 - p**2 - 2*p - 2. Give v(o).
-10
Let y(n) = -3*n - 5. Let m(v) = -12*v - 21. Let h(r) = -4*m(r) + 18*y(r). Let l(i) = -i. Let t(s) = -h(s) + 5*l(s). Give t(-7).
-1
Let a(c) be the third derivative of -c**6/120 - 7*c**5/30 + c**4/24 + 10*c**3/3 - 5*c**2 - 2. Give a(-14).
6
Let d(b) = -4*b**2 - 4*b**2 + 9*b**2 - b - 2*b. Let y = -994 + 999. What is d(y)?
10
Let k(q) = -4*q + 1. Let u be k(1). Let b(l) = 7*l - 7. Let f(d) = 4*d - 4. Let g(w) = u*b(w) + 5*f(w). Let t = 26 + -21. Calculate g(t).
-4
Let d be ((-148)/(-16))/((-2)/8). Let c = -33 - d. Let w(l) = l**2 - 4*l - 2. Calculate w(c).
-2
Let l(o) be the first derivative of -o**6/360 + o**5/15 - 3*o**4/8 - o**3/3 + 2*o + 32. Let q(r) be the third derivative of l(r). Calculate q(6).
3
Let a(t) be the third derivative of t**5/60 + t**3 - t**2. Let h be 5*4/((-60)/(-21)). Let w = 7 - h. Give a(w).
6
Let h(s) be the first derivative of -s**4/4 - 5*s**3/3 - 3*s**2/2 + 4*s + 2. Let m be -7 + -5*15/(-25). Calculate h(m).
0
Suppose 9 = o - 15. Let h(s) = 24 + 6*s - o - 2*s**2 + s**3 - 4*s**2. Suppose 2*b = -b + 12. Determine h(b).
-8
Let r(z) be the third derivative of -z**5/30 + z**4/3 + z**3 + 2*z**2. Suppose 4*p + k = 29, -2*p - 4*k - 5 = -37. Give r(p).
-18
Let v(c) = -12*c**2 + c**2 - 864*c - c**3 - 12 + 863*c. Determine v(-11).
-1
Suppose y - 155 + 104 = 0. Let q(v) = 47 - v**3 + 2*v**3 + 4*v**2 - y. What is q(-3)?
5
Let f = -26 + 37. Suppose -5*v + f - 1 = 0. Let z(t) = -14*t**2 + 3*t + 15*t**2 + v + 3 + 3*t. What is z(-5)?
0
Let x(k) = -2*k**2 - 3*k. Let y(w) = 10*w**2 + 12*w - 3. Let f(q) = 6*x(q) + y(q). Determine f(-4).
-11
Let x(o) = 2*o**3 - 1. Suppose 9*j - 4 = -4. Suppose -c = -p - 6, 0*p + 2*p + 10 = 0. Let s = c - j. Determine x(s).
1
Let d be 3/(-21) - (-180)/35. Let u(t) = -2*t + d*t + t - 6*t - 2. What is u(-5)?
8
Let k(a) = 30 + 29676*a**2 - 29675*a**2 - 10 - 11*a. Give k(10).
10
Let x(w) = -w**3 + 18*w**2 - w + 22. Let y be x(18). Let z(d) = -d + 0 - y - 2*d + 2*d. Let o be (-4)/(-3)*(-9)/3. Determine z(o).
0
Let l be ((-2)/(-4))/((-11)/44). Let o(w) = -3*w - 8. Determine o(l).
-2
Let f(i) = -85*i + 86*i + 7 + 1. Calculate f(-4).
4
Let t = 0 + 0. Suppose -b + t = 1. Let f(j) = 56*j - 682 - 33*j + 682 - 2*j**2 - 24*j + 5*j**3. Determine f(b).
-6
Let j(v) = -v**3 + 12*v**2 + 27*v + 16. Let b be j(14). Let d(t) be the first derivative of -5*t**2/2 - 2*t + 10. Determine d(b).
-12
Let y(x) = x**3 - 4*x**2 - 6*x + 4. Let a(p) = -p**3 - p**2 - 1. Let k(h) = -2*a(h) - y(h). Suppose 0 = 4*w + u + 17, 6*w - 4*u = 11*w + 13. Give k(w).
-7
Let o(q) be the second derivative of q**4/12 + q**3/6 - 5*q**2/2 + 178*q. Determine o(3).
7
Let z = -4 + 10. Let n(b) = b. Let h(w) = 7*w - 2. Let u(x) = z*n(x) - h(x). Let g(t) = -t - 4. Let f be g(-2). Give u(f).
4
Let s(v) = -v**2 - 8*v - 4. Let j(y) = 12*y + 7. Let h be j(-3). Let g = -35 - h. Calculate s(g).
8
Suppose 4*v - 51 = -5*l, -l + 8*v = 3*v - 16. Let q = -4 + l. Let c(p) = q*p + 7*p - 2 - p**2 - 13*p. Determine c(0).
-2
Let d(s) = -2*s**2 - 21*s + 200. Let z be d(6). Let a(v) = -2*v + 4. Calculate a(z).
0
Suppose -f = -5*f + 8. Let d(m) be the third derivative of m**7/5040 + m**6/360 - m**5/15 - m**2. Let x(l) be the third derivative of d(l). Give x(f).
4
Let i(b) be the second derivative of 2*b - 2*b**2 - 4/3*b**3 + 0 + 1/12*b**4. Calculate i(7).
-11
Let y = -108 - -111. Suppose -y*l - 2*x = -x + 4, 5*l + 25 = 2*x. Let b(g) = -g**3 - 3*g**2 - g + 3. What is b(l)?
6
Let l(z) be the second derivative of -1/12*z**4 - 1/2*z**3 - z**2 - 5*z + 0. Let c(m) = m**3 + 2*m**2 - 3*m - 3. Let o be c(-3). Calculate l(o).
-2
Let g(i) = -i + 7. Let h be (-1)/(-2 + (-39)/(-18)). Let y = h + 5. Let l = y - -7. What is g(l)?
1
Let s(g) = 7*g**3 - 12*g**2 + 17*g - 5. Suppose 3*n + n + 20 = 0. Let x(p) = -3*p**3 + 6*p**2 - 8*p + 2. Let f(h) = n*x(h) - 2*s(h). Determine f(4).
-8
Let u(i) = i + 2. Suppose 5*k = k + 16. Suppose -21 = q - k*q. Give u(q).
9
Let j(p) = p**3 + p**2 + 3*p + 2. Suppose 0 = 2*f + 4*c + 18, 0*c + 21 = -5*f - 4*c. Calculate j(f).
-1
Suppose -4*n + 12 = -n. Suppose c = 3*r - 2*c - 9, -3*r + n*c = -7. Suppose 12 = r*p + v, 3*v + 12 = 2*p - p. Let a(d) = d**3 - d**2 - 3*d - 4. What is a(p)?
5
Let j(k) = 2*k + 0*k**3 + k + 3 + 3 - 4*k**2 - k**3. Let c = 66 - 75. Let z(r) = 4*r**3 + 17*r**2 - 13*r - 25. Let w(h) = c*j(h) - 2*z(h). Give w(-3).
-10
Suppose 4*i + 2 = 10. Let q(d) = -d**2 + 7*d + 11. Let u be q(8). Let o(t) = -t + 1 - u - 5*t. Determine o(i).
-14
Let i(m) = -2*m**3 - 2*m**2 + 2*m - 1. Suppose 0 = 6*t - 7 + 1. Determine i(t).
-3
Let j be 3831/(-5108)*(-1)/((-6)/8). Let n(a) = -2*a - 7. Let w(g) = 5*g + 15. Let o(r) = 13*n(r) + 6*w(r). Give o(j).
-5
Let z(p) = p**2 + 2*p - 5. Let x be z(-5). 